{"id":271,"date":"2023-08-25T17:01:14","date_gmt":"2023-08-25T17:01:14","guid":{"rendered":"https:\/\/ohana-8.com\/?page_id=271"},"modified":"2024-02-13T02:56:46","modified_gmt":"2024-02-13T02:56:46","slug":"nos-forfaits","status":"publish","type":"page","link":"https:\/\/ohana-8.com\/?page_id=271","title":{"rendered":"Nos forfaits"},"content":{"rendered":"\n<main class=\"wp-block-group alignfull has-global-padding is-layout-constrained wp-container-20 wp-block-group-is-layout-constrained\" style=\"border-style:none;border-width:0px;padding-right:0;padding-left:0\">\n<div class=\"wp-block-group alignfull has-global-padding is-layout-constrained wp-block-group-is-layout-constrained\">\n<div class=\"wp-block-columns is-layout-flex wp-container-2 wp-block-columns-is-layout-flex\">\n<div class=\"wp-block-column is-layout-flow wp-block-column-is-layout-flow\">\n<h2 class=\"wp-block-heading alignwide has-text-align-left has-xx-large-font-size\" style=\"font-style:normal;font-weight:900;line-height:0.9;text-transform:uppercase\">Nos forfaits<\/h2>\n<\/div>\n<\/div>\n\n\n\n<div style=\"height:33px\" aria-hidden=\"true\" class=\"wp-block-spacer\"><\/div>\n\n\n\n<div class=\"wp-block-group alignwide is-nowrap is-layout-flex wp-container-6 wp-block-group-is-layout-flex\">\n<div class=\"wp-block-columns are-vertically-aligned-center is-layout-flex wp-container-5 wp-block-columns-is-layout-flex\">\n<div class=\"wp-block-column is-vertically-aligned-center is-layout-flow wp-block-column-is-layout-flow\">\n<h2 class=\"wp-block-heading has-text-align-center has-x-large-font-size\" style=\"font-style:normal;font-weight:900;line-height:0.9;text-transform:uppercase\">Forfait \u00c9meraude<\/h2>\n\n\n\n<ul>\n<li>7 journ\u00e9es et nuit\u00e9es \u00e0 bord<\/li>\n\n\n\n<li>Capitaine \u2014 la propri\u00e9taire sera votre h\u00f4tesse et infirmi\u00e8re \u00e0 bord<\/li>\n\n\n\n<li>Sorties \u00e0 voile selon un trajet d\u00e9fini autour de la Martinique<\/li>\n\n\n\n<li>Adaptation en fonction de l\u2019int\u00e9r\u00eat des vacanciers (plong\u00e9e, plage, visites touristiques)<\/li>\n\n\n\n<li>3 repas par jour pr\u00e9par\u00e9s en fonction des pr\u00e9f\u00e9rences alimentaires des gens<\/li>\n\n\n\n<li>2 boissons alcoolis\u00e9es et une demi-bouteille de vin par personne par jour<\/li>\n\n\n\n<li>Autres boissons alcoolis\u00e9es \u00e0 la carte disponible<\/li>\n\n\n\n<li>Tous les breuvages non alcoolis\u00e9s sont inclus<\/li>\n\n\n\n<li>Soir\u00e9es th\u00e9matiques en fonction des pr\u00e9f\u00e9rences des invit\u00e9s<\/li>\n\n\n\n<li>Prix 2500 $ par personne pour 7 jours, co\u00fbt journalier additionnel 285 $ <\/li>\n<\/ul>\n<\/div>\n\n\n\n<div class=\"wp-block-column is-vertically-aligned-center is-layout-flow wp-block-column-is-layout-flow\">\n<figure class=\"wp-block-image aligncenter size-large is-resized\"><img decoding=\"async\" src=\"https:\/\/ohana-8.com\/wp-content\/themes\/exmoor-wpcom\/assets\/images\/StockSnap_RUKEU2R518-768x1024.jpg\" alt=\"\" class=\"wp-image-3549\" style=\"aspect-ratio:0.75;width:389px;height:auto\"\/><\/figure>\n<\/div>\n<\/div>\n<\/div>\n\n\n\n<div class=\"wp-block-group alignfull has-pale-ocean-gradient-background has-background is-content-justification-center is-nowrap is-layout-flex wp-container-10 wp-block-group-is-layout-flex\" style=\"padding-top:var(--wp--preset--spacing--40);padding-bottom:var(--wp--preset--spacing--40)\">\n<div class=\"wp-block-columns is-layout-flex wp-container-9 wp-block-columns-is-layout-flex\">\n<div class=\"wp-block-column is-vertically-aligned-center is-layout-flow wp-block-column-is-layout-flow\">\n<figure class=\"wp-block-image aligncenter size-large is-resized\"><img decoding=\"async\" src=\"https:\/\/ohana-8.com\/wp-content\/themes\/exmoor-wpcom\/assets\/images\/sea-water-nature-ocean-sky-sport-682791-pxhere.com_-768x1024.jpg\" alt=\"\" class=\"wp-image-3563\" style=\"aspect-ratio:0.75;width:415px;height:auto\"\/><\/figure>\n<\/div>\n\n\n\n<div class=\"wp-block-column is-layout-flow wp-block-column-is-layout-flow\" style=\"padding-top:var(--wp--preset--spacing--40);padding-bottom:var(--wp--preset--spacing--40)\">\n<h2 class=\"wp-block-heading has-text-align-center has-x-large-font-size\" style=\"font-style:normal;font-weight:900;line-height:0.9;text-transform:uppercase\">Forfait Diamant<\/h2>\n\n\n\n<ul>\n<li>7 journ\u00e9es et nuit\u00e9es \u00e0 bord<\/li>\n\n\n\n<li>Capitaine \u2014 la propri\u00e9taire sera votre h\u00f4tesse et infirmi\u00e8re \u00e0 bord<\/li>\n\n\n\n<li>Sorties \u00e0 voile selon un trajet choisit par les clients, travers\u00e9e Dominique,<br>Guadeloupe, Sainte-Lucie ou autres destinations<\/li>\n\n\n\n<li>Adaptation en fonction de l\u2019int\u00e9r\u00eat des vacanciers (plong\u00e9e, plage, visites touristiques)<\/li>\n\n\n\n<li>3 repas par jour pr\u00e9parer en fonction des pr\u00e9f\u00e9rences alimentaires des gens<\/li>\n\n\n\n<li>3 boissons alcoolis\u00e9es et une demi-bouteille de vin par personne par jour<\/li>\n\n\n\n<li>Autres boissons alcoolis\u00e9es \u00e0 la carte disponible<\/li>\n\n\n\n<li>Tous les breuvages non alcoolis\u00e9s sont inclus<\/li>\n\n\n\n<li>Soir\u00e9es th\u00e9matiques en fonction des pr\u00e9f\u00e9rences des invit\u00e9s<\/li>\n\n\n\n<li>Service d\u2019accompagnement aux excursions que vous aurez choisi. Excursions aux frais des voyageurs<\/li>\n\n\n\n<li>Prix 3000 $ par personne pour 7 jours, co\u00fbt journalier additionnel 300 $ <\/li>\n<\/ul>\n<\/div>\n<\/div>\n<\/div>\n\n\n\n<div class=\"wp-block-group alignfull has-black-background-color has-background is-content-justification-center is-nowrap is-layout-flex wp-container-14 wp-block-group-is-layout-flex\" style=\"padding-top:var(--wp--preset--spacing--50);padding-bottom:var(--wp--preset--spacing--50)\">\n<div class=\"wp-block-columns are-vertically-aligned-center is-layout-flex wp-container-13 wp-block-columns-is-layout-flex\">\n<div class=\"wp-block-column is-vertically-aligned-center is-layout-flow wp-block-column-is-layout-flow\">\n<h2 class=\"wp-block-heading has-text-align-center has-base-color has-text-color has-x-large-font-size\" style=\"font-style:normal;font-weight:900;line-height:0.9;text-transform:uppercase\">Clair de lune<\/h2>\n\n\n\n<ul class=\"has-base-color has-text-color\">\n<li>Prendre note que le catamaran sera amarr\u00e9 au tangon<\/li>\n\n\n\n<li>Option 1 : arriv\u00e9e \u00e0 17 h 00 \u00e0 bord, ap\u00e9ro et coucher de soleil, <br>souper \u00e0 bord, sortie \u00e0 21 h 30. 150 $\/pers.<\/li>\n\n\n\n<li>Option 2 : arriv\u00e9e \u00e0 17 h 00 \u00e0 bord, ap\u00e9ro et coucher de soleil, <br>souper \u00e0 bord, nuit\u00e9e et sortie \u00e0 8 h 00. 200 $\/pers.<\/li>\n\n\n\n<li>Option 3 : arriv\u00e9e \u00e0 17 h 00 \u00e0 bord, ap\u00e9ro et coucher de soleil,  souper \u00e0 bord, nuit\u00e9e et petit d\u00e9jeuner sortie \u00e0 9 h 00. 225 $\/pers.<\/li>\n<\/ul>\n<\/div>\n\n\n\n<div class=\"wp-block-column is-vertically-aligned-center is-layout-flow wp-block-column-is-layout-flow\">\n<figure class=\"wp-block-image aligncenter size-large is-resized\"><img decoding=\"async\" loading=\"lazy\" width=\"768\" height=\"1024\" src=\"http:\/\/ohana-8.com\/wp-content\/uploads\/2021\/11\/20201209_180403-768x1024.jpg\" alt=\"\" class=\"wp-image-82\" style=\"aspect-ratio:0.75;width:386px;height:auto\" srcset=\"https:\/\/ohana-8.com\/wp-content\/uploads\/2021\/11\/20201209_180403-768x1024.jpg 768w, https:\/\/ohana-8.com\/wp-content\/uploads\/2021\/11\/20201209_180403-225x300.jpg 225w, https:\/\/ohana-8.com\/wp-content\/uploads\/2021\/11\/20201209_180403-1152x1536.jpg 1152w, https:\/\/ohana-8.com\/wp-content\/uploads\/2021\/11\/20201209_180403-1536x2048.jpg 1536w, https:\/\/ohana-8.com\/wp-content\/uploads\/2021\/11\/20201209_180403-scaled.jpg 1920w\" sizes=\"(max-width: 768px) 100vw, 768px\" \/><\/figure>\n<\/div>\n<\/div>\n<\/div>\n\n\n\n<div class=\"wp-block-group alignfull is-content-justification-center is-nowrap is-layout-flex wp-container-18 wp-block-group-is-layout-flex\">\n<div class=\"wp-block-columns is-layout-flex wp-container-17 wp-block-columns-is-layout-flex\">\n<div class=\"wp-block-column is-layout-flow wp-block-column-is-layout-flow\">\n<figure class=\"wp-block-image aligncenter size-large is-resized\"><img decoding=\"async\" src=\"https:\/\/ohana-8.com\/wp-content\/themes\/exmoor-wpcom\/assets\/images\/beach-landscape-sea-coast-water-sand-892271-pxhere.com_-1-768x1024.jpg\" alt=\"\" class=\"wp-image-3585\" style=\"aspect-ratio:0.75;width:394px;height:auto\"\/><\/figure>\n<\/div>\n\n\n\n<div class=\"wp-block-column is-vertically-aligned-center is-layout-flow wp-block-column-is-layout-flow\">\n<h2 class=\"wp-block-heading has-text-align-center has-x-large-font-size\" style=\"font-style:normal;font-weight:900;line-height:0.9;text-transform:uppercase\">Journ\u00e9e Magique<\/h2>\n\n\n\n<ul>\n<li>Option 1 : arriv\u00e9e \u00e0 8 h 00 \u00e0 bord, d\u00eener, deux consommations<br>alcoolis\u00e9es, sortie \u00e0 16 h 00. 150 $\/pers.<\/li>\n\n\n\n<li>Option 2 : arriv\u00e9e \u00e0 8 h 00 \u00e0 bord, d\u00eener et souper, deux consommations<br>alcoolis\u00e9es et demi-bouteille de vin au souper, sortie \u00e0 19 h 30. 225 $\/pers.<\/li>\n<\/ul>\n<\/div>\n<\/div>\n<\/div>\n<\/div>\n\n\n\n<div style=\"height:33px\" aria-hidden=\"true\" class=\"wp-block-spacer\"><\/div>\n\n\n\n<p class=\"has-text-align-left\">*Les billets d&#8217;avion et le taxi ne sont pas inclus dans les forfaits.<\/p>\n<\/main>\n","protected":false},"excerpt":{"rendered":"<p>Nos forfaits Forfait \u00c9meraude Forfait Diamant Clair de lune Journ\u00e9e Magique *Les billets d&#8217;avion et le taxi ne sont pas inclus dans les forfaits.<\/p>\n","protected":false},"author":1,"featured_media":0,"parent":0,"menu_order":0,"comment_status":"closed","ping_status":"closed","template":"","meta":{"footnotes":""},"_links":{"self":[{"href":"https:\/\/ohana-8.com\/index.php?rest_route=\/wp\/v2\/pages\/271"}],"collection":[{"href":"https:\/\/ohana-8.com\/index.php?rest_route=\/wp\/v2\/pages"}],"about":[{"href":"https:\/\/ohana-8.com\/index.php?rest_route=\/wp\/v2\/types\/page"}],"author":[{"embeddable":true,"href":"https:\/\/ohana-8.com\/index.php?rest_route=\/wp\/v2\/users\/1"}],"replies":[{"embeddable":true,"href":"https:\/\/ohana-8.com\/index.php?rest_route=%2Fwp%2Fv2%2Fcomments&post=271"}],"version-history":[{"count":30,"href":"https:\/\/ohana-8.com\/index.php?rest_route=\/wp\/v2\/pages\/271\/revisions"}],"predecessor-version":[{"id":419,"href":"https:\/\/ohana-8.com\/index.php?rest_route=\/wp\/v2\/pages\/271\/revisions\/419"}],"wp:attachment":[{"href":"https:\/\/ohana-8.com\/index.php?rest_route=%2Fwp%2Fv2%2Fmedia&parent=271"}],"curies":[{"name":"wp","href":"https:\/\/api.w.org\/{rel}","templated":true}]}}